e 4.
-12300323
What is -221212020 (base 3) in base 14?
-6c28
Convert 39 (base 16) to base 4.
321
11966 (base 10) to base 15
382b
What is -4e57 (base 16) in base 14?
-7447
Convert 1035241 (base 6) to base 2.
1100101000001001
What is -3450 (base 11) in base 9?
-6185
Convert 1210221 (base 3) to base 10.
1321
Convert -678 (base 10) to base 6.
-3050
Convert -cdd (base 14) to base 4.
-213303
What is -863 (base 9) in base 12?
-4a9
338 (base 13) to base 10
554
Convert 322422 (base 5) to base 2.
10101011101011
Convert 16532 (base 7) to base 13.
21c8
What is 618 (base 12) in base 10?
884
What is 369 (base 10) in base 2?
101110001
Convert -14453 (base 11) to base 13.
-9446
Convert 20424 (base 9) to base 12.
7964
1476 (base 9) to base 7
3162
e9c (base 16) to base 9
5115
Convert -22222021 (base 3) to base 5.
-202131
What is 7775 (base 16) in base 13?
10bc5
What is 21022020 (base 3) in base 15?
18a0
-10 (base 4) to base 14
-4
-7e (base 16) to base 4
-1332
What is -6313 (base 7) in base 9?
-3031
-2910 (base 11) to base 8
-7262
What is 598e (base 16) in base 8?
54616
58a (base 11) to base 8
1277
Convert 101001100 (base 2) to base 9.
408
-21330212 (base 4) to base 16
-9f26
Convert 427 (base 8) to base 15.
139
1123 (base 4) to base 9
111
What is -8c9 (base 14) in base 11?
-1347
What is 2864 (base 9) in base 12?
1304
Convert 2325 (base 10) to base 13.
109b
Convert 1102021 (base 3) to base 12.
721
Convert -15000 (base 6) to base 15.
-a86
What is -1835 (base 13) in base 8?
-7011
What is -3925 (base 10) in base 9?
-5341
What is -930 (base 10) in base 8?
-1642
201012 (base 4) to base 3
2220110
What is c18 (base 15) in base 16?
aa3
What is -6b0 (base 15) in base 12?
-a63
What is 3b5ba (base 12) in base 13?
2b489
-276 (base 10) to base 12
-1b0
-11cb (base 16) to base 6
-33031
-11088 (base 9) to base 10
-7370
-30 (base 10) to base 4
-132
Convert 38313 (base 10) to base 11.
26870
Convert 12231 (base 5) to base 15.
42b
Convert -2ba55 (base 12) to base 7.
-345500
What is -1024 (base 15) in base 13?
-1723
What is 266 (base 13) in base 6?
1542
-32013 (base 5) to base 12
-1299
What is -5770 (base 13) in base 9?
-17731
What is -1200022 (base 3) in base 11?
-a12
What is 101221 (base 3) in base 5?
2140
What is 6f4 (base 16) in base 14?
912
Convert 3249 (base 13) to base 10.
6990
Convert -25 (base 10) to base 16.
-19
Convert 2023 (base 8) to base 11.
869
-331321 (base 5) to base 15
-35e1
What is 1024 (base 12) in base 4?
123130
-1839a (base 13) to base 2
-1011011010110011
Convert -5dcc (base 16) to base 9.
-35840
-1044223 (base 5) to base 6
-222304
-6a62 (base 13) to base 2
-11101001101000
-17b (base 16) to base 5
-3004
Convert -117b (base 13) to base 9.
-3342
What is -3305 (base 8) in base 5?
-23413
What is -10289 (base 11) in base 12?
-8804
Convert 5584 (base 9) to base 7.
15013
What is 2af (base 16) in base 6?
3103
Convert -1e6 (base 15) to base 9.
-540
What is 1353 (base 8) in base 14?
3b5
What is -17599 (base 10) in base 5?
-1030344
25f (base 16) to base 7
1525
Convert dd (base 15) to base 6.
544
What is 43626 (base 7) in base 16?
2ac3
What is 243423 (base 5) in base 13?
4288
14b1 (base 14) to base 2
111001100011
What is 55 (base 7) in base 2?
101000
Convert f88 (base 16) to base 5.
111401
Convert 245002 (base 6) to base 9.
32832
10735 (base 15) to base 16
cc1a
39 (base 10) to base 11
36
Convert -315 (base 16) to base 3.
-1002020
-71034 (base 9) to base 11
-32093
What is 1000001100 (base 2) in base 11?
437
Convert 185 (base 11) to base 2.
11010110
What is 1101111001 (base 2) in base 6?
4041
15331 (base 7) to base 3
12212201
What is -10101100001011 (base 2) in base 4?
-2230023
-626 (base 11) to base 8
-1362
6514 (base 9) to base 10
4792
1101111100110 (base 2) to base 14
2862
Convert -2122222 (base 3) to base 11.
-1507
Convert 2103313 (base 4) to base 15.
2c0d
23126 (base 13) to base 3
10020200012
Convert -7dc (base 16) to base 11.
-156a
Convert -a7 (base 12) to base 15.
-87
What is 7a0 (base 11) in base 6?
4233
10101010 (base 2) to base 16
aa
-315 (base 9) to base 11
-214
What is -500 (base 9) in base 12?
-299
Convert 3606 (base 8) to base 14.
9b8
Convert -23125 (base 7) to base 9.
-8074
What is -54a5 (base 11) in base 15?
-2239
What is -524105 (base 6) in base 2?
-1010010110001001
Convert 33000100 (base 4) to base 10.
61456
Convert -30192 (base 11) to base 9.
-66500
47d0 (base 16) to base 3
221012220
Convert -19824 (base 13) to base 7.
-264642
Convert -150 (base 12) to base 2.
-11001100
What is 17a (base 15) in base 4?
11110
What is -4472 (base 9) in base 16?
-ce9
What is -2c27 (base 15) in base 3?
-111000101
Convert 1625 (base 9) to base 3.
1200212
What is 17a2 (base 14) in base 8?
10242
7317 (base 9) to base 10
5362
-25 (base 6) to base 2
-10001
Convert 5574 (base 10) to base 13.
26ca
-6243 (base 7) to base 13
-cc3
Convert -3 (base 10) to base 4.
-3
2223312 (base 4) to base 8
25366
Convert 3ae5 (base 15) to base 8.
30456
16685 (base 9) to base 2
10110011101010
What is -1d0 (base 14) in base 5?
-3003
-2020 (base 5) to base 13
-170
What is 1011001010000 (base 2) in base 14?
2120
201210022 (base 3) to base 13
6749
What is 1231 (base 4) in base 14?
7b
-374 (base 10) to base 3
-111212
Convert -120022122 (base 3) to base 7.
-44363
What is 234 (base 5) in base 13?
54
Convert 48672 (base 9) to base 8.
77563
-113343 (base 5) to base 3
-12210102
24015 (base 7) to base 15
1c76
-20432 (base 5) to base 14
-6d9
What is -20220220 (base 3) in base 10?
-5046
-20201221 (base 3) to base 2
-1001100110000
What is -10593 (base 12) in base 7?
-116610
What is 1b5a7 (base 12) in base 10?
40591
-102202 (base 3) to base 8
-475
What is 9047 (base 10) in base 2?
10001101010111
-1b44 (base 13) to base 2
-1000000010000
What is 19be (base 15) in base 6?
41455
-10333 (base 4) to base 2
-100111111
122221200 (base 3) to base 6
140330
Convert -9f75 (base 16) to base 12.
-1b759
Convert 690b (base 15) to base 2.
101011100001110
1861 (base 13) to base 4
320230
What is -421 (base 11) in base 6?
-2203
-38c5 (base 16) to base 6
-151141
What is -5574 (base 8) in base 14?
-1100
What is -107606 (base 9) in base 2?
-1111110010000100
Convert 10233 (base 4) to base 14.
179
Convert 1011 (base 4) to base 8.
105
What is -4251 (base 12) in base 11?
-5501
Convert 744 (base 8) to base 3.
122221
What is 202222202 (base 3) in base 11?
10551
Convert -10110010 (base 3) to base 7.
-10221
What is 2416 (base 12) in base 16?
fd2
Convert 1631 (base 8) to base 9.
1233
-30230020 (base 4) to base 15
-10601
What is -24114 (base 8) in base 15?
-30cb
14266 (base 8) to base 6
45142
-754e (base 16) to base 7
-153360
-853 (base 11) to base 9
-1360
1ef7 (base 16) to base 8
17367
What is 374 (base 11) in base 12?
310
What is -85a (base 11) in base 3?
-1102021
What is 212200 (base 3) in base 13?
3a2
4120 (base 11) to base 9
7444
What is 222211 (base 3) in base 14?
39a
a683 (base 15) to base 3
1210022120
What is 2c6 (base 15) in base 10?
636
What is 1000102 (base 3) in base 6?
3232
Convert 10202102211 (base 3) to base 12.
36964
Convert -10235 (base 8) to base 16.
-109d
Convert 3d4a (base 14) to base 11.
8170
Convert 2011201 (base 3) to base 6.
11201
What is 10211201 (base 3) in base 10?
2800
Convert 176 (base 8) to base 6.
330
What is 81f6 (base 16) in base 9?
50566
-21100121 (base 3) to base 5
-132422
What is 1212103 (base 4) in base 9?
8874
Convert 2030 (base 11) to base 5.
41240
-3301 (base 4) to base 7
-463
Convert 6450 (base 14) to base 2.
100001110100110
220100 (base 3) to base 11
548
Convert 404 (base 8) to base 12.
198
What is -26a6 (base 13) in base 3?
-21121100
Convert -14403 (base 6) to base 9.
-3143
Convert 4c8 (base 14) to base 10.
960
Convert 4342 (base 5) to base 11.
4a3
What is 4a7 (base 13) in base 3?
1010010
What is 1003334 (base 6) in base 7?
255202
12110211 (base 3) to base 6
30251
-821 (base 9) to base 4
-22123
What is -10110000100 (base 2) in base 9?
-1838
Convert 1130 (base 9) to base 3.
1011000
Convert 11000110110 (base 2) to base 15.
710
-804 (base 9) to base 10
-652
Convert -1352 (base 10) to base 6.
-10132
Convert 5532 (base 6) to base 11.
a64
Convert 11429 (base 13) to base 5.
2001334
Convert -13b (base 12) to base 2.
-10111111
What is -3357 (base 16) in base 4?
-3031113
437 (base 10) to base 9
535
411140 (base 5)